True
Suppose 4*m - 88872 = 5*l, m = -5*l + 3*m - 88876. Let f = l - -32217. Is f prime?
False
Suppose -5*z = 5*o - 1139160, -23*z + 455684 = 2*o - 25*z. Is o a prime number?
False
Let w(c) = -1223*c. Let x be w(-1). Suppose x + 3812 = 5*a. Is a prime?
False
Let c = 15 + -10. Suppose -2*q - 2661 = 3*b + 570, 5*b = c*q + 8140. Is (-1)/((-1)/q*-3) a composite number?
False
Let g be -2*3*(-21)/63. Let y be (-613 - g)*65/(-39). Suppose 3*r = -2*v + y, -138 = -r - 4*v + 217. Is r a composite number?
True
Let f = 136 + 74. Let m be 87 - (-5 + 9 - 3 - 0). Suppose 4*w + 5*z = f, -5*w + 3*z = -195 - m. Is w composite?
True
Let l = 158138 + -105375. Is l composite?
True
Suppose -29*c + 59*c - 1143390 = 0. Is c a prime number?
True
Let g(x) = 2266*x**2 - 24*x + 1. Suppose -18 = -14*y + 20*y. Is g(y) prime?
False
Let b(u) = 161*u**2 + 115*u + 15. Is b(-19) a prime number?
False
Suppose -43*j + 23*j + 20 = 0. Is 6/(-24)*-3148*j a prime number?
True
Let r(l) = 34*l**3 + 8*l**2 + 271*l - 1080. Is r(37) a prime number?
True
Suppose 34 - 2 = 4*f. Suppose 0 = 2*r - f + 6. Suppose 3*o - s - 308 = 174, r = s. Is o a composite number?
True
Let t = -2490 + 5391. Suppose 3*o = t - 990. Let c = -56 + o. Is c prime?
False
Let s(k) = -k**3 + 12*k**2 + 15*k - 28. Let z be s(13). Let h(q) be the third derivative of -19*q**6/120 + q**5/20 + q**4/6 + 7*q**3/6 + 8*q**2. Is h(z) prime?
True
Let f be (8 - 8)/(2 - 0). Suppose 3*t = 0, a + 3*t = -f*a + 5. Suppose -5*v + 4*j + 1261 = 0, -a*v + 1260 = -0*v - 5*j. Is v composite?
True
Suppose 5*a - 426123 = -101008. Suppose -4*j + 7*j = g + a, 0 = -j + g + 21675. Is j prime?
False
Let c(l) be the second derivative of 3*l**5/10 + 5*l**4/12 - 2*l**3/3 + 2*l**2 + 20*l. Let s be c(-5). Let r = s + 1128. Is r composite?
True
Suppose 2*i - 4*u - 52 + 18 = 0, 3*i + 2*u = 19. Suppose 2*x - i*x = -36211. Is x a composite number?
True
Let j(k) = -9*k + 46. Let l be j(5). Let o be -1804 - (l - 5 - -2). Let v = -1285 - o. Is v a prime number?
False
Suppose -14*b = -841873 + 34647. Is b prime?
False
Suppose 2220462 = 50*s - 47*s - b, -3*s + 2*b + 2220465 = 0. Is s a prime number?
True
Suppose -3315580 = 297*p - 317*p. Is p composite?
False
Let u(q) = 76*q**3 + 3*q**2 + 2*q + 22. Is u(5) a prime number?
False
Let t be 365*(3 + 112/(-40)). Suppose 2*p - 115 = 45. Suppose 3*w = t + p. Is w a composite number?
True
Let p = -2964 - -9787. Is p prime?
True
Let g(c) = 12187*c**2 + 85*c - 69. Is g(-8) a prime number?
False
Suppose 0 = 5493*y - 5615*y + 32085634. Is y a prime number?
False
Let h(b) = -1060*b + 77. Let g be h(-23). Suppose 2*p = -c + 10661 - 879, -5*p - 3*c + g = 0. Is p a prime number?
True
Suppose -3*t + 48 - 45 = 0. Is t/8 - ((-105518)/16 + -4) composite?
False
Let r = 128572 + 109957. Is r a prime number?
True
Let l be (-4 - (4 - 6))*(-1 - 0). Suppose -2*f + f - 4*s = -240, -462 = -2*f - l*s. Suppose f = 2*z + 22. Is z prime?
True
Let b(g) = -g**2. Let w(v) = 12*v**2 + 12*v - 15. Let z(m) = 4*b(m) + w(m). Is z(3) prime?
False
Let w(q) = 1. Let y(s) = -s**2 + 13*s - 11. Let v be y(12). Let p(m) = -177*m - 18. Let c(u) = v*p(u) + 4*w(u). Is c(-9) a composite number?
False
Let m(g) be the second derivative of -g**5/20 - 2*g**4/3 - 5*g**3/2 - 8*g**2 - 22*g. Let w be m(-6). Let b(o) = 48*o**2 - 5*o + 3. Is b(w) composite?
True
Suppose 7*u - 2*u - 20 = 5*n, -3*u = -n - 16. Let c(s) = 12*s**3 - 8*s**2 + 10*s - 6. Let a be c(u). Let l = a + -919. Is l a prime number?
True
Suppose -6801293 - 1425109 = -102*i. Is i composite?
False
Suppose 5*x + 134 = 149. Is x*8/36*1*1371 composite?
True
Let n = -394 - -398. Is n - (7 - (0 + 2248)) prime?
False
Let v(o) = 12704*o + 86. Let d be v(3). Let z = d + -25077. Is z a composite number?
False
Let l(w) = 6*w**2 + 3*w + 2. Let f be l(-2). Let h = f - 12. Suppose h*m + m = 819. Is m a prime number?
False
Let q(u) = 11*u**2 + 344*u + 152. Is q(-45) a composite number?
False
Suppose 0 = -40*m + 44257741 - 934653 + 72041272. Is m prime?
True
Let j(f) = -f**3 - 11*f**2 - 9*f + 10. Let y be j(-10). Suppose -30*l + 26*l + 604 = y. Let o = l + 390. Is o composite?
False
Let j = 76476 - 53469. Is j a prime number?
False
Let g = 40125 - 9790. Is g a composite number?
True
Let r(d) = 12*d**3 - 7*d**2 + 5*d + 1. Let v be r(4). Suppose -556 = -9*k + v. Suppose 4*b - k = -l, 3*b + 45 = 5*l - 663. Is l a prime number?
False
Let n(h) = 6210*h**2 - 7*h + 20. Is n(3) a composite number?
False
Let u(q) = -5*q**2 - 47*q + 32. Let p be u(-10). Suppose -1206 = -p*g + 4348. Is g prime?
True
Suppose -1193890 = 42*a - 52*a. Is a composite?
False
Suppose u + u - 4*s - 10 = 0, 0 = 4*u - 3*s - 15. Is (-4 - (-3 + -6244))/u composite?
False
Let b(j) = 56*j**3 + 2*j**2 - 5*j + 2. Let t(q) = q**3 + 2*q**2 + 1. Let a be t(0). Is b(a) a prime number?
False
Let r(w) = 7*w - 47. Let t be r(7). Suppose -t*i + n + 4 = 0, 0 = i + 2*n + 4 - 16. Suppose -a + i*a = 5*p - 3600, 2*p - 1441 = a. Is p composite?
True
Suppose 0 = x + 5*v - 28, -4*x - 3 - 5 = -4*v. Suppose 0 = x*m - 15. Suppose -2*p + m*h = -953, -477 = -p - 0*p + 2*h. Is p a composite number?
False
Suppose -51*a + 91 = -62. Suppose -5*w + a*p + 17550 = 0, -5*p - 2258 + 19848 = 5*w. Is w composite?
True
Suppose -9*j = -17*j - d + 3609259, -j + 451142 = -5*d. Is j a composite number?
True
Suppose -2*b + 8 = -10*b. Is (b*(-1437)/6)/(1/2) a prime number?
True
Let c(b) = -256*b - 3289. Is c(-41) a prime number?
True
Let m(y) = 187*y**3 + 11*y**2 - 2*y - 13. Let l(r) = -375*r**3 - 21*r**2 + 3*r + 26. Let j(o) = 6*l(o) + 11*m(o). Is j(-4) a composite number?
False
Let a = 38 + -39. Let z be (8/(24/(-1535)))/(a/9). Suppose z = 2*i + i. Is i a composite number?
True
Let k(u) = -u**2 + 28*u - 58. Let z be k(23). Suppose -z*i + 8582 = -43*i. Is i a prime number?
True
Let g be (1 + 46)/1 + -1. Let z = g - 116. Is (-3)/(-5) - 236348/z prime?
False
Let z(c) = 11142*c + 65. Is z(8) prime?
False
Suppose -15*x + 14100 = -3*x. Let p = 2076 - x. Is p a composite number?
True
Suppose -1513 = -17*n - 107423. Let v = 29 - n. Is v a prime number?
False
Let o(u) = -50*u**3 + 9*u**2 - 86*u - 732. Is o(-11) a composite number?
False
Let q be (-293140)/(-80) - 2/8. Let o = -2079 + q. Is o a prime number?
False
Suppose 4*i = -3*x - 5, 2*i - i + 17 = -3*x. Let t be (-2 + x)*(-1)/(-3). Let d = t + 24. Is d composite?
True
Let s(h) = 6*h + 3. Let l be s(-2). Let g be 58*(-1)/(-6)*l. Let u = -10 - g. Is u composite?
True
Suppose -39071 = -m + 63288. Is m a composite number?
False
Suppose 2*o - 4*d = -14596, -4*d - 1964 = o + 5358. Let f = 13037 + o. Is f a composite number?
True
Suppose 13*w - 19*w = -156594. Suppose -25*u + w = -87126. Is u prime?
False
Let u(i) = -i**3 + 15*i**2 - 15*i + 12. Let h be ((-4)/(-8))/(3/84). Let x be u(h). Is 60207/126 + x/(0 + -12) prime?
False
Let g = -4765 - -13964. Is g a composite number?
False
Suppose 0 = -2*q + 4*o - 1672, -q - q - 3*o = 1700. Let u = 1023 - q. Is u a composite number?
False
Let m(k) = 111*k**2 + 6*k - 193. Is m(-10) prime?
True
Let q(r) = r**2 - 9*r + 24. Let p be q(9). Suppose 0 = p*f - 289355 - 102061. Is f composite?
True
Let j(r) = -206596*r + 233. Is j(-8) prime?
False
Suppose -s - 4*s + 60 = 0. Suppose 10*v = s*v. Let k(m) = -m**3 - m + 869. Is k(v) a prime number?
False
Suppose -5*r = -m - 683631 + 133334, 2*r + 4*m - 220110 = 0. Is r prime?
True
Let n(z) = z**3 + 17*z**2 - 22*z + 5. Suppose 4*c + 0*g = -3*g + 299, 3*c = g + 234. Suppose -34 = 79*a - c*a. Is n(a) a prime number?
True
Let b = 1 + 3. Let h be b + (-9280)/(-5) + -1. Let r = 2608 - h. Is r a prime number?
False
Let q(k) = 51*k + 36. Let d(y) = -78*y - 55. Let r(g) = 7*d(g) + 10*q(g). Suppose i = 5*z + 58, 3*z + 3*i - 2*i + 38 = 0. Is r(z) a composite number?
True
Suppose 10 = -2*u + 22. Let i(j) = 456*j + 25. Is i(u) composite?
True
Let x(w) = -12*w**3 + 4*w**2 + w - 9. Let o be x(-4). Suppose 3*v = -4*j - 232 + o, 2*j - 287 = 5*v. Let f = j + -15. Is f composite?
False
Let m(w) = w**3 + 18*w**2 - 22*w - 7. Let t be m(-17). Suppose 10676 = 4*y - t. Is y composite?
False
Let m = -681275 - -1353978. Is m composite?
False
Let m(u) = -7163*u**2 - 5*u - 3. Let x(s) = 14323*s**2 + 10*s + 7. Let r(c) = -7*m(c) - 3*x(c). Is r(1) composite?
False
Let v be 17/34 - (-3)/(-2). Is ((-7)/(-7))/(v/4